6/(-8) + 2/8). Let q = 71 - o. Let t = 7 + 0. What is the highest common factor of q and t?
7
Let p = 348 - 276. What is the highest common divisor of 8 and p?
8
Suppose v + 13 = -11. Let p = v - -30. Calculate the greatest common factor of 10 and p.
2
Suppose j = -0*j. Let v = j + 4. Suppose -3*i + 35 = -37. What is the highest common factor of i and v?
4
Let n = -153 + 402. What is the greatest common factor of 332 and n?
83
Let t(n) = -n**3 + n**2 + 2*n + 2. Let w be t(0). Let i = w + 0. Suppose -5*r - g + 701 = -0*g, g = -i*r + 281. What is the greatest common divisor of 20 and r?
20
Suppose 3*z = -5*x + 41 - 3, -3*x = 4*z - 14. Let v be (0/1 - -3)*1. Suppose -v*j + 30 = -j. Calculate the greatest common factor of x and j.
5
Let y be 12*3*(-4)/(-12). Let c = y - 11. Let d = 3 + c. Calculate the highest common divisor of d and 32.
4
Suppose 21*h + 96 = 27*h. Suppose -d = 4*d - 15. Suppose d*u = -u + h. What is the highest common factor of u and 8?
4
Let f = -133 - -191. Let x = f - 43. What is the greatest common factor of x and 10?
5
Let j(x) = 75*x**3 - 2*x**2 + 2. Let t be j(1). Suppose -4*m - z + 49 = 0, 0*m + 5*m - t = -4*z. Calculate the greatest common divisor of m and 11.
11
Suppose 5*t - 70 = -4*d + 2*t, -d + 25 = -3*t. Suppose -3*b + 224 = 4*r, 4*b = 7*b - 2*r - 230. What is the highest common factor of b and d?
19
Suppose -11*z + 13*z = 6. Suppose -2*h + 6 = -0*h + z*t, 2*t = 3*h - 22. Calculate the highest common factor of h and 12.
6
Let p(k) = 8*k**2 + 13*k + 6. Let f be p(-3). Let r(b) = -b + 5. Let d be r(-8). What is the highest common divisor of f and d?
13
Suppose 77*p - 760 = 72*p. Calculate the highest common factor of 8 and p.
8
Suppose -5*b - j = -946, -7*b + 3*b = 5*j - 740. What is the highest common factor of 76 and b?
38
Let k be -14*((-6)/12)/((-1)/(-2)). Calculate the greatest common factor of 7 and k.
7
Suppose 5*a = 4*c + 579, -6*c + 4*c + 228 = 2*a. What is the greatest common divisor of 1495 and a?
115
Suppose 3*o - 175 = -13*k + 11*k, o + 4*k = 65. What is the highest common divisor of o and 171?
57
Let n(p) = p**2 - 9*p - 23 - 5 + 4. Let a be (-106)/(-9) - (-20)/90. Let f be n(a). What is the greatest common factor of f and 24?
12
Suppose 16*k = 174 + 498. What is the highest common factor of k and 112?
14
Suppose 2*n + 86 = 4*m, 39 = m + 5*n - 9*n. What is the greatest common factor of 589 and m?
19
Let a(r) = 4*r**2 - 12*r + 47. Let y be a(13). What is the highest common divisor of 7 and y?
7
Let m(c) = 358*c**3 - c**2. Let n be m(1). Suppose 9*a + 141 = n. Calculate the highest common factor of a and 4.
4
Let a be 52 + (-5)/(10/(-6)). What is the highest common divisor of a and 275?
55
Let a(v) = 23*v**3 - 10*v**2 + 19*v - 4. Let u be a(2). What is the highest common divisor of 267 and u?
89
Let o(i) be the first derivative of 4*i**3/3 + 2*i**2 + 3*i + 15. Let p be o(-2). Let r be (-66)/4*20/(-6). Calculate the greatest common divisor of p and r.
11
Let u = -450 + 513. What is the highest common divisor of u and 63?
63
Suppose 2 = 5*k - 8. Suppose k*a + 165 = 7*a. Let n = 67 - 45. What is the highest common divisor of a and n?
11
Let p = 22 - -10. Let d = -759 + 763. Calculate the greatest common divisor of p and d.
4
Let u = -5 - -28. Let l = -6 + u. Suppose 0 = 4*k + 4*j - 3*j - 73, -3*j - 36 = -3*k. Calculate the greatest common divisor of k and l.
17
Let c = -1372 + 2788. What is the greatest common factor of 24 and c?
24
Let h(f) = -3*f + 8. Let t be h(-2). What is the highest common factor of t and 203?
7
Let o be 6/(3/((-18)/4)). Let k be o/(-2) + (-6)/12. Suppose -k*m + 2 + 10 = 0. Calculate the highest common factor of 24 and m.
3
Let p = 80 - 42. Suppose 3*y - 3*x - p = -5*x, y - 26 = 2*x. Suppose y*n = 11*n + 120. What is the highest common divisor of 8 and n?
8
Let c(x) = x**2 + 7*x + 6. Let o be c(-7). Suppose -o*i = p - i - 15, -4*p + 3*i - 55 = 0. Let m = p - -13. What is the greatest common divisor of m and 12?
3
Let z(x) = 34*x**3 - 26*x**2 + 2*x - 15. Let k be z(3). Calculate the greatest common factor of 300 and k.
75
Suppose x = -z + 3 + 15, z = -5*x + 30. Let g be -2*(z/6 - 2). Let j be (5 + -2 - -6) + g. What is the highest common factor of 2 and j?
2
Let v(w) = 2*w + 10. Let m be v(3). Suppose -m*r + 20*r = 72. What is the highest common divisor of 198 and r?
18
Let v(n) = 2*n**2 + 12*n - 152. Let m be v(12). What is the greatest common divisor of 760 and m?
40
Suppose -2*p - 176 - 228 = 0. Let k = p + 302. Let o = 102 - 92. What is the greatest common divisor of k and o?
10
Suppose -5*u + 0*u = -2*t + 169, -5*u = 5*t - 335. Let h(c) = 74*c + 9. Let z be h(0). What is the greatest common divisor of z and t?
9
Let s(a) = -a**2 - a - 1. Let t(j) = 29*j + 6. Let r(k) = -3*s(k) + t(k). Let c be r(-11). What is the greatest common divisor of c and 5?
5
Suppose -2*q + 61 + 11 = 0. Calculate the greatest common divisor of 42 and q.
6
Let n be (12/(-1))/(348/(-1131)). Calculate the greatest common factor of 1 and n.
1
Suppose 5*x = -0*y + 3*y - 35, 2*y = -4*x + 60. What is the greatest common factor of 60 and y?
20
Let q(o) = -26*o + 111. Let s be q(-3). Calculate the highest common factor of 105 and s.
21
Let t = -565 + 613. Calculate the highest common factor of 168 and t.
24
Let p(y) = -10*y**2 + 103*y - 5. Let i be p(10). Calculate the highest common divisor of i and 750.
25
Let k = -404 + 410. What is the highest common factor of k and 162?
6
Suppose 0 = 4*g - 15 + 127. Let t = 40 + g. What is the highest common divisor of 108 and t?
12
Suppose 2*l - 20 = -0*l - 5*q, -l - 3*q = -8. Let o = -32 - -48. Let b = o - 11. What is the greatest common factor of b and l?
5
Let r be ((-2)/4)/((-2)/8). Suppose -d = -r*d + 11. Let c be -1 + d + -1 + -1. What is the greatest common factor of 1 and c?
1
Let m be 2/(-6)*(-2 + 35). Let j(o) = -o**3 - 12*o**2 - 16*o - 23. Let l be j(m). Calculate the highest common divisor of 2 and l.
2
Let x = 68 - 72. Let v(h) = -12*h + 2*h - 7 + 0*h. Let j be v(x). What is the highest common factor of 22 and j?
11
Let y be (4/(-6))/((-2)/72*2). What is the highest common divisor of 12 and y?
12
Let g = -38 - -28. Let v be (0/(-2))/(g + 14). Suppose v = -15*x + 14*x + 16. What is the highest common divisor of 2 and x?
2
Let r(d) be the second derivative of d**3/3 + d**2 + d. Suppose 84 = 8*j + 4*j. Let q be r(j). Calculate the highest common divisor of 16 and q.
16
Let i = 1082 - 308. What is the highest common divisor of i and 27?
9
Let a = -41 - -25. Let g = a - -20. Calculate the highest common divisor of 20 and g.
4
Suppose 3*b - 211 = -4*f, -13 = -f - 2*b + 36. Let a = -28 + f. Let y = a - 18. What is the highest common divisor of y and 54?
9
Suppose -46*s + 1521 = -37*s. Suppose 68 = 4*o + 4*c, -o + 2*c + 3 = -2. Calculate the greatest common factor of s and o.
13
Let a be 2/(-8) + (-642)/(-8). Suppose 2*r - 320 = -a. What is the highest common factor of 15 and r?
15
Suppose -4*r = -3*t + 324, 0*t - 115 = -t - r. Calculate the greatest common factor of 336 and t.
112
Let y = 11 - 5. Let u be (7 + -13)*(-4)/y. Suppose t + u*t = k - 6, -4*t - 5 = -k. What is the greatest common divisor of k and 5?
1
Suppose -10*w - 249 = -7*w. Let s = w - -103. Suppose x + 40 - 140 = 0. What is the highest common factor of x and s?
20
Suppose -4639 = -23*a + 3411. What is the greatest common divisor of 50 and a?
50
Let v(s) = s**3 - 6*s**2 - 9*s + 10. Let f be v(5). Let z be (4 - f/(-16))*36. Calculate the highest common factor of 18 and z.
9
Suppose -3*b - 61*g = -66*g - 295, 0 = 5*b - 2*g - 460. Suppose -2*v + 7*v - 180 = 0. Let p = 0 + v. What is the highest common divisor of b and p?
18
Suppose d = 2*d - 24. What is the highest common factor of 632 and d?
8
Let s(n) = -3*n - 10. Let p be s(8). Let d be p/(-4) - (-16)/(-32). Calculate the highest common factor of 88 and d.
8
Let x(j) = 10*j**2 - 11*j - 59. Let a be x(13). What is the highest common factor of 48 and a?
48
Let c = -2 - -27. Let g = 18 - -32. What is the greatest common divisor of c and g?
25
Let o(c) = -c**2 - 32*c - 9. Let i be o(-30). Calculate the highest common divisor of 153 and i.
51
Let j = 12 + 2. Let r(i) = 17 - 9 + i**2 - 12*i - 22. Let d be r(j). Calculate the greatest common factor of d and 35